-48 - (12 - 22).
59
What is -9 + (-1 - 9) - 6?
-25
What is 10 - (24 - -53) - -26?
-41
12 - (-83 - (29 - 104))
20
Calculate (144 - 82 - -43) + -149.
-44
Calculate 2 - 3 - (-34 - (-84 + 26 + 33)).
8
11 - (14 + 1 + -22 + 17 - (-105 - 1))
-105
0 - -7 - (-6 - -10) - (63 - 85)
25
Calculate 40 + -87 + 17 + 5.
-25
What is the value of (-27 - -1) + (-9 - -12) - (4 - (28 + -13))?
-12
Calculate 32 + (11 - (3 + 7) - 3).
30
31 + 28 + -61 - (-8 - 18)
24
What is the value of -20 + 0 - (1 + 10 - (123 + -110))?
-18
(-4 - -20) + (-47 - -48) + -15
2
What is the value of 59 - (70 + -13 - -8)?
-6
What is (-52 - 0) + 771 + -790?
-71
Calculate 72 + -20 + 5 + -5 - (-17 - -16).
53
What is the value of (19 + -11 - -29) + -1 + (7 - 3) + 8?
48
5 - -4 - (107 - 99)
1
What is the value of (-8 - 0) + -5 - (-35 - -21 - -31)?
-30
What is the value of -31 + 29 + -14 - (-6 - 52)?
42
Calculate -65 - -75 - (7 + -6 + 1 + (1 - 14)).
21
((13 - -4) + 2 - -7) + 13 - -7
46
What is -157 - (203 + -276) - (0 + 0 - 22)?
-62
((58 - 28) + -14 + -3 - (1 + -2)) + 109
123
What is -1 + 22 - (-53 - -39 - (-6 + -8 - 8))?
13
Evaluate -26 - ((11 - 23) + -1 + -3).
-10
Calculate 197 - 97 - 64 - -38.
74
Evaluate -123 + 114 - (7 - (3 + 0 + -12)).
-25
Evaluate -37 + 7 + -8 + 5 - (-5 + (6 - -9)).
-43
Calculate -5 + -5 + (-6 - -9) + 3 + -2 - 40.
-46
(-204 - -125) + 146 - -22
89
Evaluate 19 + 0 + 1 + 109 + -87.
42
What is the value of 49 + -15 + (21 - (8 - 5))?
52
Calculate (-20 - (-15 + 35 + -19)) + 60 - 11.
28
What is the value of 19 - (31 + (15 - 8)) - 138 - -14?
-143
(6 - -1 - 0) + (-8 + 3 - (-6 - -21))
-13
What is the value of 30 + (15 + 9 - 15)?
39
-21 - -11 - 25 - -25
-10
What is the value of (3 + (-8 - -6) - -7) + 3 + -64?
-53
What is the value of -14 + 21 + 4 - (44 + 1 - 7 - -12)?
-39
What is the value of 13 + (26 - 15 - 12) - -23?
35
What is the value of -113 + -26 - -125 - -129?
115
Evaluate -8 - -9 - -19 - (-122 - -29).
113
Evaluate (-37 - -73) + 23 - (5 + -7 + 0).
61
Calculate -22 - (41 - (70 - 23) - 130).
114
Calculate (-2 + (2 - -9) - (203 + -210)) + -52.
-36
What is the value of -8 + (0 - (-4 - (-134 - -53 - (-7 - 0))))?
-78
Evaluate (61 - 48 - 49) + 48.
12
-57 + 131 + -105 + -22
-53
-68 + (-1 - 1 - (52 + -49 - (5 + 0)))
-68
Evaluate 68 - (11 + 0 + 0 + (4 - (22 - 12))).
63
Calculate (14 - -3) + (-816 - -838).
39
Calculate 39 - (-9 + -21) - (9 + -37) - (-12 + -1).
110
768 + -672 + -84 + -1
11
Evaluate 8 + 47 - 37 - -30.
48
What is the value of (-897 - -906) + (52 - -1)?
62
Calculate -2 + 2 + -1 + -2305 + 2344.
38
What is -45 + 19 + 4 + -19 + (31 - 16)?
-26
What is 12 + (-1 - -5) - ((-15 - -5) + (0 - -1))?
25
-25 + (-48 - -88) - 72
-57
63 + -1 - (208 + 188 + -372)
38
What is -2 + -18 + (63 - (-57 + 7)) + 6?
99
Calculate 81 + 1 + (2309 - 2405).
-14
What is the value of -18 + 3 + (-2 + -15 - -3)?
-29
What is the value of 3 - 21 - (-25 + 17) - (33 + (0 - 3))?
-40
What is -45 + (-81 + -34 - (-8 + -24))?
-128
What is (0 - 3) + (-28 - -20) - (-16 + 3) - 87?
-85
What is the value of -1900 + 1951 - (-33 + -3)?
87
Calculate (4 + 1 - (-71 - -20)) + (-12 - 3).
41
Evaluate 51 - (-46 + -11 + 58).
50
What is -2 + (15 - -16) - (74 + 0)?
-45
-545 + 654 + -6 + 6 + -26
83
(-8 - -12) + (-21 - (55 + -35 + 17))
-54
Calculate (-10 - (19 - (-20 - -54))) + -26 + 90.
69
10 + -2 + -52 + (25 - (23 + 3)) + 7
-38
What is the value of (-3 - 8) + 4 + 16 + -9 - (-57 + -2)?
59
Evaluate -85 + 0 + (12 - (16 + (-6 - -2 - 8))).
-77
Calculate 673 + -654 + (-7 - 118).
-106
-2 - 10 - (-49 + -24 + 4)
57
Calculate (-1541 - -1482) + -5 + 1.
-63
What is -94 + (-107 - -37) - (-38 + 3)?
-129
What is (-4 - -2 - -45 - (-140 - -155)) + -25 + 12?
15
Evaluate -17 + 26 - -9 - (-12 + 3 - -4).
23
What is 14 - 50 - (12 + 9 + 4)?
-61
Evaluate (-15 - (-105 - -93)) + (2 - 0 - 0 - 32).
-33
0 - (-192 - -267 - (9 + 0))
-66
What is (-21 - -1) + 17 - ((-1 - -15) + -65 + 174)?
-126
What is the value of 4 - (-4 - 8 - (3 - (63 - 14) - -23))?
-7
Calculate -40 - 4 - (-15 + (-14 - (-34 + -1 + 0))).
-50
Calculate 11 + -14 + -28 + 0.
-31
What is -109 - -125 - (-35 - 36)?
87
Evaluate -22 + (-15 - (88 - 127)).
2
-4 + (10 - (-12 - -47)) - (-20 - -20)
-29
What is -4 + (21 - -31) + -4 + 1?
45
Calculate 5 - (11 - (-4 + 18) - -19).
-11
What is (-103 - -152) + -24 + (-3 - -7)?
29
Evaluate 14 + (72 - 34 - 7).
45
22 + -11 - (9 + 41 + 18)
-57
What is the value of ((0 - 1) + 3 - 14) + (4 - -18)?
10
(-33 - (3 + -1)) + (8015 - 8016)
-36
Calculate 20 + 13 + (-8 - -20) + -14 + 1.
32
What is the value of -6840 + 6751 - (-2 + 1 - (1 + (-1 - 2)))?
-90
Evaluate 62 - ((-14 - -6 - (-7 + 19)) + 40).
42
Calculate 6 + -2 + (-29 + 4 - -10) - (10 + 0).
-21
Evaluate 18 + (-7 - (29 - 22 - -2)).
2
5514 + -5516 + (-49 - 1)
-52
Calculate 6 + (32 - (-16 + (-6 - -13) + 13)).
34
Evaluate -8 - (-21 + 7 + (1 - 10) + -166 + 162).
19
Evaluate -32 - (-47 - (27 + -40)).
2
What is -100 - (-320 - (-151 + 47))?
116
Calculate 31 + -64 + (32 - -18).
17
What is the value of (-9 + -1 - (-374 - -397)) + (-9 - 1)?
-43
What is (1 - 3) + 12 + (45 - 62 - -57) - 10?
40
What is the value of -202 + 119 + -6 + 40?
-49
(-10078 - -10007) + (-24 - (0 - 0))
-95
What is -2 + -71 + (-15 + (-14 - -26) + -2 - -14)?
-64
What is -35 - (-6 - (7 - (1 + -3))) - -7?
-13
98 - (16 + -3 + -7) - (74 + -66)
84
Calculate 4 - (57 + 2 + -42).
-13
What is the value of -74 - (-19 + (18 - (20 + -55)))?
-108
What is -72 + (54 - 50 - (-13 + 2))?
-57
What is the value of (16 - 18 - (-23 + 13)) + 1 + -2 + -84?
-77
Calculate 136 + 35 + -19 + -52 + -28.
72
What is the value of (383 - 376) + (-1 - -2 - -12)?
20
What is (-4 - 4) + -128 + 174?
38
97 + (-95 - (-58 - -7)) + -2 + 0
51
(-4 - -4) + (-60 - -30) - 28
-58
What is -9 + (-105 - (-15 - -2)) + (-3 - -5) + 2?
-97
Evaluate -67 + 34 + -17 + -5 + 6 - 2.
-51
What is the value of (-4 + -1 - (17 - 19)) + 93 + -9 + -18?
63
Calculate -69 + -59 + (79 - 40) - 47.
-136
What is (-835 + 811 - (-12 + (2 - -1))) + -72?
-87
What is 33 + -10 + 19 + -36 + 11 + (-8 - -1)?
10
What is the value of 0 + -17 + 35 + (3 + -19 - 8)?
-6
What is the value of -1163 - -1141 - (23 - (-2 - -11))?
-36
20 - (28 - (3 + 4) - 40)
39
Calculate -47 + 11 - (-33 + 33 + -15).
-21
Evaluate -45 - (43 - (-37 + 83)).
-42
What is -20 + -3 + 78 + 51 + 14 - -20?
140
What is the value of 44 + (48 - 84) - 103?
-95
What is the value of -1 + 0 - 10 - -15 - (8 - (-57 - -2))?
-59
Evaluate (7 - (-9 + 6 + -2) - 13) + 13.
12
What is (86 - 56) + (-16 - 29)?
-15
What is the value of 1 + -71 - -66 - (-1 + -34)?
31
What is 5 + 10 + -14 + -23?
-22
Evaluate -1 + 4 + 43 - (1810 + -1837).
73
What is the value of 12 + (-6 - (77 + 29)) + 20?
-80
Evaluate -13 + -18 + 10 + -1 + 5 + -8 + -1.
-26
What is -25 - (-114 + 94 + 12)?
-17
What is the value of (-33 - ((16 - -4) + -48)) + -38 + 1?
-42
Evaluate -25 + (56 - 50) + -56 - (9 - 0).
-84
Calculate 62 + 1 - (146 + 63 + -198).
52
-16 - 0 - (-157 + 156) - (-4 + 52)
-63
What is the value of -67 - -34 - 24 - 33?
-90
Calculate 22 - ((2 - -22) + 144 + -163).
17
Calculate (-18 - -39) + (-298 - -356).
79
Evaluate 68 - (39 + (9 + -30 - 26)).
76
Calculate 26 + -23 + -61 + (-33 + 16 - -24).
-51
(-68 - -153) + (-9 - (1 + -23))
98
Evaluate 29 + (-109 - (23 - (46 + -17))).
-74
Evaluate 18 + 6 + -2 + -342 + 324.
4
-146 - (16 + (-45 - -42) + (-17 - -2)) - -3
-141
What is -11 + (9 - (15 + -5 + (12 - 16))) + -7?
-15
Calculate 19 - (8 + -7 + (-15 - -19)).
14
What is the value of -59 - -15 - 0 - (-8 + 3 + 20)?
-59
What is (4 - 8) + 2 - (-8 + -34)?
40
Calculate (611 - 620) + (0 + -3 - 1 - -1).
-12
Evaluate 36 - (-18 + (-1 - (0 + 1 + 66 + -73))).
49
Evaluate -1 + -3 + 2021 + -2123 - -11.
-95
What is the value of 49 - (-84 + 70) - 104?
-41
Calculate 4 - (-13 + 2 - (21 + (32 - 73)) - -16).
-21
Calculate 17 + (-61 - 1) + 47 + 20 + -44.
-22
What is -28 - ((-3 - -1) + 47 + -27)?
-46
Calculate -4 + -59 + (121 - 99) + 7.
-34
-16 + 5 + (3 - -16) + 91 + -202
-103
What is the value of -13 + (151 - -7) - (-119 + 155)?
109
What is the value of 44 + 0 - (6319 - 6202)?
-73
4 + -18 + 2 - (5 - (1 + -4 + 20))
0
Calculate -1 + 6 + 48 + (-22 - -43 - 28).
46
(-10 - (-19 - 27)) + (3 - 6)
33
What is the value of -15 + (-24 + 37 - -29) - (14 - 1)?
14
Evaluate 5 - 1 - 11 - 9 - (6 + 51).
-73
What is the value of 8 - (-29 - 4 - -25 - -82)?
-66
Evaluate (-2 - -14) 